What is 1 - (-13 + (22 - 11))?
3
Evaluate -4 + 15 + -5 + -7 + 4.
3
What is the value of -3 + -1 + 30 + (6 - 41)?
-9
-19 - (7 - (0 + (6 + -6 - -11)))
-15
Calculate (79 - 30) + -45 + (0 - 0 - -9).
13
What is 1 + 8 - (-344 - -322)?
31
What is the value of 11 + 5 + -15 + (-4 - 8)?
-11
What is (63 - 46) + 3 + -16?
4
Evaluate 15 + -28 + 1 + (-268 - -256).
-24
What is the value of 16 - (5 + -13 - -47) - -8?
-15
What is (-32 - -32) + (-4 - 6)?
-10
13 + -21 + 14 + 9
15
Evaluate 2 - ((0 - -14) + -9 + -12 - 5).
14
-46 + -7 + 15 + 11 + 15
-12
Calculate -13 + 8 + 1 + -1 + -8 + 6.
-7
Calculate 12 + -21 + (41 - 21).
11
What is -10 + -2 + -3 + -7 + 6?
-16
7 + -58 + 30 + 13
-8
Evaluate -20 + 16 + -16 + 22.
2
(-9 + (21 - 2) - 4) + (4 - -1)
11
What is 39 + -3 + (523 - 570)?
-11
-12 + (21 - 18 - 0)
-9
Calculate 1 + -22 + -15 + (-11 - -13) + 13.
-21
Calculate -232 + 214 + 0 + 2.
-16
Calculate (60 - 32 - -4) + -9 + 1.
24
Evaluate -20 + (15 - 1) + 14.
8
What is (-9 - -3) + 5 + -2 + (-4 - -9)?
2
(3 + -2 - 2) + -14 - (2228 - 2218)
-25
What is the value of 1 - (14 + -36) - (-1 - (-1 + 5))?
28
Evaluate (5 - 1) + -1 - (-29 + 25).
7
Calculate -5 - 1 - (3 + -7 + 19).
-21
What is -28 - (-11 + (-8 - 5))?
-4
Calculate (15 - (-9 - -8 - 5)) + -12.
9
What is -7 + (-12 - 0 - 1)?
-20
-8 + (17 - 0 - (61 + -49))
-3
What is 10 + (-10 - -10) - 20?
-10
What is 13 - (-5 - -4 - (5 + -9))?
10
Calculate -13 + (-11 - -32) + 2 + -3.
7
What is -11 - (3 - 12) - (-1 + -1) - 5?
-5
What is 4 - (-1 + 3) - (110 + -98)?
-10
-8 - (3 - -3 - (-17 + 9))
-22
Calculate (-21 - -40) + -18 - (1 - -12).
-12
What is 56 + 4 - 27 - 1?
32
Evaluate -4 + 1 - (3 - (18 - (1 - -3))).
8
Calculate -10 - ((-5 - -3) + -8 - -7) - -2.
-5
Evaluate -14 + (9 - (10 + -21)).
6
What is the value of -9 + -3 + 21 + 10?
19
0 - (5 - 12 - -4) - 12
-9
What is the value of (-15 - -1) + (34 - 28) + 2 + -5?
-11
What is (0 - 0) + (-2 - (-8 + 12))?
-6
What is the value of (-1 - (-6 + (-1 - -6) + -2)) + 7?
9
What is 5 + -1 + 6 + 23 - 0?
33
19 + 12 + (-2 - 10 - -8)
27
What is (55 - 33 - (1 + 14)) + -38 + -1?
-32
(-67 - -59) + -2 + 3 + 14
7
What is 13 - ((-15 - 0) + (12 + 2 - 7))?
21
What is the value of -4 + 19 + -9 + 3 + -6 - 3?
0
What is the value of 34 + -9 + (3 - 3 - (0 - 2))?
27
2 - ((-4 - -3) + -4 - 2)
9
Calculate -5 + 8 + (-13 - -7) + -8 - -3.
-8
Calculate 1 - -4 - (-15 + 26 + -8).
2
What is -6 + ((-17 - -21) + -19 - -19)?
-2
Calculate -15 + (-7 - 21 - -57).
14
Calculate 16 + (39 - 48) + 2 + -2.
7
What is the value of -5 + (16 - 13) + 4?
2
Calculate 4 - (2 + 0) - (13 - 12).
1
(0 - -6 - 6 - 1) + (7 - 8)
-2
Calculate 7 + (24 + -45 - -10).
-4
Calculate -18 - -7 - (-5 + (4 - 5)).
-5
What is (28 - 54) + 20 + 9?
3
Calculate 11 - (0 + 11 + 2 + -8) - 3.
3
What is the value of 0 + (7 - 1) + -2 + -20 - -2?
-14
What is the value of -4 + 1 - (346 - 355)?
6
What is -6 + 3 - -8 - (-23 - -10) - 2?
16
What is 25 + (-60 - (-24 - -16))?
-27
Calculate 571 - 574 - ((-24 - 2) + 2 + -2).
23
What is the value of 26 + -25 - (2 - 4)?
3
Evaluate -3 - ((6 + 0 - (18 + -13)) + -5).
1
What is the value of -7 + (-2 - 1 - (-10 + 16 + -31))?
15
Calculate 0 + 6 - ((125 - 116) + -6 + 1).
2
14 - ((-11 - -20) + -3)
8
What is -19 - (-6 - (22 + -14))?
-5
Evaluate (2652 - 2652) + 1 + -2 + 24.
23
(0 - -13) + -27 + (-20 - -53)
19
15 - (63 + (-32 - -11))
-27
Evaluate 286 - 258 - (-7 - -3).
32
(19 - (-6 + -3)) + (-14 - 0)
14
Evaluate 2 - (-2 + 12) - (-342 + 326).
8
What is 14 - 2 - (-11 + 37)?
-14
What is the value of 44 + (-14 - 7) + -22?
1
Evaluate 13 + 0 + -6 + -8 + -5 + 16.
10
What is the value of -36 - (-8 - (-17 - (1 + -17)))?
-29
What is the value of (22 - -2) + (-117 - -100)?
7
What is 3 - (0 + 39 - (-412 + 417))?
-31
Evaluate 7 + -9 + -4 + 8 + -1 + 1.
2
What is the value of (7 - (-14 - (0 - 4))) + 1 + -6?
12
What is the value of (-3 - -47) + (2 - 32)?
14
-11 + -6 - -12 - 5
-10
What is the value of (-19 + 11 - 12 - 15) + 9?
-26
What is the value of (0 - 1) + -2 - ((-26 - -17) + 15)?
-9
Evaluate -9 + (2 - 0) - (105 + -113).
1
Calculate -2 + (2 + -1 - 3) - (1112 + -1120).
4
What is the value of (-4 - -1) + (-8 - 21) + 20?
-12
What is the value of -22 - -1 - (-152 + 146)?
-15
What is the value of -7 - ((24 - 11) + -16 - (1 + -5))?
-8
Calculate (8 - (14 + 13)) + 14.
-5
What is the value of 132 + -136 + -4 + -10?
-18
What is (50 - 65) + 16 + 7?
8
-29 + -5 + 12 - (-22 + 17)
-17
What is (11 - -4) + 35 + -28?
22
Calculate -12 + -4 + 12 - (7 - 8).
-3
What is the value of 8 - (-5 + (-14 - -36) - (8 - 2))?
-3
Calculate -2 + 13 + (-17 - -2) - 1.
-5
-5 - (-6 + (-10 - -26)) - -3
-12
What is -4 + 6 - (15 + -10) - -18?
15
Calculate -57 + 50 + (-4 + -1 - 1).
-13
What is the value of -2 - (-13 - (-13 - (-12 + -9)))?
19
Calculate (-594 - -557) + 33 + 0.
-4
2 + (-7 - -2 - 6)
-9
Evaluate -49 + (-34 - -48) - -15.
-20
What is the value of -26 + 21 - -4 - 19?
-20
-3 - (13 - (-9 - -20) - (-2 + 1))
-6
Evaluate -13 + (16 + 1 - -9).
13
Calculate 1 + 0 + -1 - (8 + -19 + 3).
8
What is -5 - (2 + (12 - 7)) - -31?
19
What is the value of 26 + -3 + (-6 - 4)?
13
What is the value of -1 + 4 + -5 + 14 - 30?
-18
Evaluate 12 + 1 - ((2 - 9) + (12 - 1)).
9
What is the value of 8 - (-6 + 5 + -5 + 7)?
7
22 - (8 - (30 - (-3 - -22)))
25
Evaluate 33 - 5 - (25 - 7).
10
Evaluate -18 - (-1 + 6 + -18).
-5
What is the value of 13 + 0 + -9 + -20 - 7 - -5?
-18
What is 28 + -38 + 51 + -7?
34
Evaluate 16 - (-10 - (17 + -26)).
17
(-3 - 0) + -204 + 220 + (-2 - 0)
11
What is -15 - (-1 + (-7 - -1)) - 3?
-11
(188 - 179) + -2 + -2 + 0
5
What is -1 - (4 + -7 + 4 - -6)?
-8
Evaluate 7 + 0 - (16 + -4) - 3 - 0.
-8
Evaluate 28 - (-8 - ((-1 - -13) + -10)).
38
What is 17 + -15 - (6 + -16)?
12
-1 + -1 - (5 - 18)
11
Calculate 17 - (26 - 22) - 7.
6
What is the value of -16 + -3 + 2 + -1 + (15 - 6)?
-9
What is the value of 7 + -2 - (-12 + 21) - -10?
6
What is the value of 2 - -2 - 1 - (14 - 1) - 3?
-13
Calculate 116 - 103 - (-4 + 1).
16
(-2 - (8 + -7 + -7)) + -1 + -12
-9
Evaluate 7 - 24 - (0 - -1).
-18
Evaluate (-21 + 3 - 18) + 21.
-15
Calculate 712 + -716 - (-1 - (-8 - -1)).
-10
What is (7 - 3 - 37) + 32?
-1
Evaluate 4 + -13 + 21 + -8 + (3 - 0).
7
What is the value of (55 - (12 - 6)) + 1 + -14?
36
What is the value of -201 + 193 - (-1 - 14)?
7
-1 + 0 + -11 + -5 + 5
-12
Evaluate 23 - -2 - (-13 + 34 - 11).
15
Evaluate (-2 + -7 - (-27 - -11)) + -3.
4
What is the value of 3 + -3 + 4 - (0 - 3)?
7
-6 - (2 + 2 + -4 + (-1 - -4))
-9
What is the value of 7 - (-49 - (33 - 64))?
25
What is the value of -105 - -41 - -40 - (1 + -4 + -1)?
-20
What is -11 + (-2 - 16) + 16?
-13
Evaluate 8 - (1 - 1) - (23 - 115 - -80).
20
Evaluate 151 + -139 - (5 + 1).
6
Calculate -4 + 8 + 3 - (-13 - -20).
0
Evaluate 0 + 13 + -4 + -8.
1
Calculate -5 + (-12 - (-7 + -2 - 22)).
14
624 + -575 - (38 - 0)
11
What is the value of -9 - ((3 - -8) + -19 + -16)?
15
Calculate 16 - (-20 - -5 - -9).
22
6 + (29 - -12) + -18 + -4 + -3
22
What is 31 - 36 - (-11 + 2)?
4
What is 3 - (0 + (-5 - (-7 + 5) - -6))?
0
What is the value of (0 - -3) + 7 + 2 + -16?
-4
What is -10 - (-16 + 6) - 10?
-10
What is the value of -1 + 32 - (96 - 80)?
15
Calculate (-7 - ((1 - (0 + 8)) + 3)) + 7.
4
Calculate 11 - (29 - 14) - -10.
6
Calculate -11 + 20 - 3 - (4 + -1 + 8).
-5
What is (-7 - 1 - (-32 - -22)) + -2 + 1?
1
What is the value of (0 - 14 - -7) + 45?
38
What is 11 - (-3 + 19 + -16)?
11
What is the value of 1 + 3 - (-2 + 24)?
-18
(13 - -14) + (19 - 29)
17
What is the value of (-1 - (-4 + -2)) + (-164 - -153) + -2?
-8
5 + (29 - (77 + -31))
-12
What is 1 + -3 + 4 + (-41 - -80) + -13?
28
Calculate -7 + -15 - (-4 - (-7 + 18 + -8)).
-15
What is the value of 18 - (-5 + 23 + 8 + -6)?
-2
What is the value of 14 - -37 - (-5 - -40)?
16
Calculate (-122 - -111) + 23 + 5.
17
Calculate 3 + (-4 + (-5 - -9) - -9).
12
What is the value of 30 + -7 + -40 - -2?
-15
(14 - 29) + 10 + 5
0
What is -15 - (-3 - 12 - -28 - 12)?
-16
Calculate 14 + -3 + -1 + -14 - 11.
-15
What is the value of (0 - (12 - (-8 + 15))) + 10?
5
What is 6 - 5 - (-21 - -7 - -8 - -9)?
-2
What is 3 + -21 + 7 + -6?
-17
Evaluate -1 + (6 - 0) - (17 + (-5 - -10)).
-17
What is (-5 - -4) + 1 - ((-10 - -18) + -7)?
-1
Calculate -14 - (4 + 7 + -42 + 25).
-8
Evaluate 146 - 163 - (4 - 7).
-14
What is -9 + 7 + (8 - (-3 + 2 - 2))?
9
Evaluate (-38 - -33) + 19 + (3 - 3).
1